
Does 105 divide 45910?
False
Does 33 divide 2409?
True
Is 14 a factor of 1086?
False
Is 735 a multiple of 5?
True
Is 13053 even?
False
Is 78 a factor of 468?
True
Is 2070 a multiple of 23?
True
Is 2 a factor of 4581?
False
Is 708 a multiple of 11?
False
Is 1152 a multiple of 8?
True
Is 9 a factor of 840?
False
Does 51 divide 867?
True
Does 26 divide 45?
False
Is 21 a factor of 147?
True
Does 2 divide 311?
False
Is 51 a factor of 3313?
False
Is 9 a factor of 1916?
False
Is 4 a factor of 511?
False
Does 3 divide 1739?
False
Does 15 divide 61905?
True
Is 207 a multiple of 9?
True
Is 23 a factor of 753?
False
Is 9303 a multiple of 81?
False
Does 5 divide 39435?
True
Does 14 divide 26236?
True
Does 13 divide 5746?
True
Is 83 a factor of 83367?
False
Is 896 a multiple of 7?
True
Is 1586 a multiple of 26?
True
Is 7578 a multiple of 24?
False
Does 37 divide 444?
True
Does 14 divide 938?
True
Is 20 a factor of 2620?
True
Is 13 a factor of 2848?
False
Is 14536 a multiple of 36?
False
Is 12 a factor of 18534?
False
Does 7 divide 270?
False
Does 11 divide 10439?
True
Does 14 divide 531?
False
Does 95 divide 1425?
True
Does 10 divide 840?
True
Is 462 a multiple of 4?
False
Is 28 a factor of 2968?
True
Is 2 a factor of 7?
False
Is 384 a multiple of 39?
False
Is 34 a factor of 986?
True
Is 73 a factor of 657?
True
Is 3302 a multiple of 26?
True
Is 18 a factor of 329?
False
Is 17 even?
False
Is 7 a factor of 3869?
False
Is 383 a multiple of 3?
False
Is 3250 a multiple of 5?
True
Does 28 divide 1126?
False
Does 4 divide 5784?
True
Is 16 a factor of 5648?
True
Does 48 divide 1944?
False
Is 23 a factor of 3956?
True
Is 1851 a multiple of 37?
False
Does 4 divide 56?
True
Is 8587 a multiple of 134?
False
Does 28 divide 86576?
True
Is 53 a factor of 868?
False
Does 4 divide 144?
True
Is 51 a factor of 301?
False
Does 90 divide 7020?
True
Does 12 divide 36?
True
Does 71 divide 2840?
True
Is 3 a factor of 47?
False
Does 27 divide 1791?
False
Is 977 a multiple of 19?
False
Is 14850 a multiple of 50?
True
Is 125 a factor of 1875?
True
Is 23 a factor of 8071?
False
Is 20 a factor of 740?
True
Does 15 divide 34680?
True
Is 1535 a multiple of 36?
False
Is 21 a factor of 155?
False
Is 10 a factor of 310?
True
Does 134 divide 27336?
True
Does 7 divide 24444?
True
Is 6 a factor of 138?
True
Is 8660 a multiple of 10?
True
Does 101 divide 10908?
True
Does 9 divide 3365?
False
Is 858 a multiple of 39?
True
Is 35 a factor of 1120?
True
Is 101 a factor of 15150?
True
Is 20 a factor of 14780?
True
Is 87 a factor of 3170?
False
Does 13 divide 2327?
True
Is 6 a factor of 277?
False
Is 19731 a multiple of 233?
False
Is 48 a multiple of 2?
True
Is 375 a factor of 70125?
True
Does 15 divide 930?
True
Does 29 divide 2610?
True
Does 17 divide 1770?
False
Is 12 a factor of 2450?
False
Is 993 a multiple of 136?
False
Is 10 a factor of 4839?
False
Is 287 a multiple of 4?
False
Is 476 a multiple of 6?
False
Is 235 a multiple of 15?
False
Does 92 divide 24840?
True
Does 162 divide 6187?
False
Is 24738 a multiple of 8?
False
Is 62 a factor of 1123?
False
Is 87 a factor of 14529?
True
Is 14345 a multiple of 37?
False
Is 48 a factor of 9600?
True
Is 150 a factor of 41146?
False
Does 19 divide 72599?
True
Is 2014 a multiple of 53?
True
Is 81 a factor of 51283?
False
Is 2 a factor of 398?
True
Does 12 divide 226?
False
Is 4 a factor of 364?
True
Is 117 a factor of 16965?
True
Is 6768 a multiple of 144?
True
Does 88 divide 1022?
False
Is 11022 a multiple of 22?
True
Is 228 a multiple of 9?
False
Is 5383 even?
False
Is 5607 a multiple of 19?
False
Is 87 a factor of 9918?
True
Does 83 divide 3408?
False
Does 17 divide 714?
True
Does 17 divide 5695?
True
Does 10 divide 3952?
False
Does 153 divide 5202?
True
Does 21 divide 462?
True
Is 12 a factor of 1188?
True
Is 1675 a multiple of 55?
False
Is 89 a factor of 4823?
False
Is 2 a factor of 822?
True
Is 71 a factor of 10295?
True
Does 45 divide 1340?
False
Is 23 a factor of 8612?
False
Does 28 divide 9016?
True
Is 27120 a multiple of 80?
True
Does 9 divide 43?
False
Is 6232 a multiple of 13?
False
Is 36 a multiple of 2?
True
Does 5 divide 1475?
True
Is 8 a factor of 57091?
False
Is 11 a factor of 51290?
False
Does 7 divide 784?
True
Is 7119 a multiple of 7?
True
Is 27807 a multiple of 35?
False
Is 45 a factor of 890?
False
Does 15 divide 11115?
True
Is 11520 a multiple of 29?
False
Does 19 divide 54?
False
Does 46 divide 39236?
False
Is 24 a factor of 709?
False
Is 750 a multiple of 15?
True
Is 27219 a multiple of 122?
False
Is 4996 a multiple of 49?
False
Is 9 a factor of 990?
True
Is 388 a multiple of 3?
False
Is 10 a factor of 450?
True
Is 908 even?
True
Is 1354 a multiple of 14?
False
Does 52 divide 7809?
False
Is 54 a multiple of 27?
True
Does 12 divide 972?
True
Is 53 a factor of 457?
False
Is 11 a factor of 72?
False
Is 30222 a multiple of 9?
True
Is 2146 a multiple of 29?
True
Does 91 divide 20424?
False
Is 1278 a multiple of 18?
True
Is 12 a factor of 168?
True
Is 21880 a multiple of 15?
False
Is 2232 a multiple of 18?
True
Is 11 a factor of 1100?
True
Is 4008 a multiple of 2?
True
Does 13 divide 12123?
False
Does 20 divide 15660?
True
Is 8028 a multiple of 9?
True
Does 22 divide 100689?
False
Is 77866 a multiple of 12?
False
Is 32 a factor of 7712?
True
Is 23 a factor of 2209?
False
Is 20 a factor of 900?
True
Is 3618 a multiple of 15?
False
Does 8 divide 112?
True
Does 4 divide 272?
True
Is 31 a factor of 9264?
False
Is 1918 even?
True
Is 4795 a multiple of 137?
True
Does 55 divide 9792?
False
Is 12 a factor of 564?
True
Does 44 divide 616?
True
Is 8 a factor of 776?
True
Is 5 a factor of 215?
True
Is 14095 a multiple of 40?
False
Is 7917 a multiple of 29?
True
Does 17 divide 23167?
False
Does 59 divide 59?
True
Does 26 divide 390?
True
Is 13268 a multiple of 31?
True
Does 4 divide 524?
True
Is 37 a factor of 497?
False
Is 688 a multiple of 6?
False
Is 8008 a multiple of 77?
True
Is 670 a multiple of 9?
False
Is 680 a multiple of 8?
True
Does 7 divide 1702?
False
Is 298 a multiple of 27?
False
Is 2 a factor of 65?
False
Does 28 divide 57932?
True
Is 3465 a multiple of 55?
True
Does 2 divide 88?
True
Is 62797 a multiple of 7?
True
Does 6 divide 41?
False
Is 3190 a multiple of 10?
True
Is 31675 a multiple of 25?
True
Is 13065 a multiple of 8?
False
Is 12 a factor of 816?
True
Is 1074 a multiple of 61?
False
Is 19 a factor of 703?
True
Is 5560 a multiple of 91?
False
Does 145 divide 31829?
False
Is 72160 a multiple of 20?
True
Does 26 divide 56238?
True
Does 7 divide 41?
False
Does 24 divide 3225?
False
Is 3 a factor of 26?
False
Is 630 a multiple of 14?
True
Is 135 a factor of 62640?
True
Is 295 a multiple of 9?
False
Does 15 divide 5005?
False
Does 16 divide 6263?
False
Is 1044 a multiple of 58?
True
Is 1264 a multiple of 44?
False
Is 942 a multiple of 10?
False
Does 12 divide 456?
True
Is 4212 a multiple of 27?
True
Is 545 a multiple of 18?
False
Does 20 divide 1500?
True
Is 11 a factor of 209?
True
Does 87 divide 823?
False
Is 64 a factor of 59325?
False
Does 19 divide 1002?
False
Does 8 divide 154?
False
Is 109 a factor of 57739?
False
Is 103 a factor of 29561?
True
Is 3880 a multiple of 8?
True
Does 131 divide 25169?
False
Does 3 divide 7756?
False
Is 30 a factor of 5231?
False
Does 33 divide 647?
False
Is 10809 a multiple of 46?
False
Does 3 divide 2679?
True
Is 6497 a multiple of 20?
False
Does 18 divide 30?
False
Does 53 divide 1779?
False
Is 31152 a multiple of 24?
True
Does 226 divide 11978?
True
Does 81 divide 2106?
True
Is 5823 a multiple of 51?
False
Is 40911 a multiple of 39?
True
Is 33549 a multiple of 38?
False
Does 10 divide 1080?
True
Is 31 a factor of 6200?
True
Does 9 divide 43749?
True
Does 59 divide 1357?
True
Is 19734 a multiple of 25?
False
Is 10 a factor of 1970?
True
Is 30 a factor of 1740?
True
Does 23 divide 481?
False
Is 13 a factor of 311?
False
Is 47 a factor of 470?
True
Is 926 a multiple of 44?
False
Is 114 a factor of 102372?
True
Is 15 a factor of 2037?
False
Is 64 a factor of 512?
True
Is 305 a multiple of 12?
False
Is 7525 a multiple of 215?
True
Does 45 divide 74520?
True
Is 38 a factor of 819?
False
Is 2275 a multiple of 5?
True
Does 43 divide 946?
True
Is 21 a factor of 5602?
False
Is 109 a factor of